he greatest common factor of 164836112 and 112?
112
What is the highest common factor of 1728 and 15911766?
18
Calculate the greatest common factor of 182 and 2638738466.
182
Calculate the highest common divisor of 160 and 4870730.
10
Calculate the highest common divisor of 310579698 and 34.
34
What is the greatest common factor of 341 and 18582764?
31
Calculate the greatest common factor of 1756 and 8759806.
878
Calculate the greatest common divisor of 12105 and 1440387.
9
Calculate the greatest common factor of 10116135 and 6273.
369
Calculate the greatest common factor of 186 and 43828017.
93
What is the highest common factor of 910530 and 124273?
151
What is the highest common divisor of 1472032 and 12892?
1172
What is the greatest common factor of 75 and 1532975?
25
Calculate the highest common factor of 3472 and 460624.
16
What is the greatest common divisor of 112 and 307154400?
112
What is the greatest common divisor of 730008544 and 64?
32
What is the greatest common factor of 3456 and 771417?
27
Calculate the greatest common factor of 112748 and 375164.
284
Calculate the highest common factor of 3088604 and 176472.
172
What is the highest common factor of 7574 and 481907111?
3787
What is the greatest common factor of 19755392 and 96?
32
What is the greatest common factor of 1794 and 4281588?
138
Calculate the highest common factor of 55 and 74475357.
11
What is the greatest common factor of 3503151 and 17331?
327
What is the greatest common divisor of 517 and 36351865?
11
Calculate the highest common factor of 25 and 22258375.
25
Calculate the highest common factor of 1183 and 857563.
7
Calculate the highest common divisor of 7704263 and 938.
469
Calculate the highest common factor of 848707964 and 5447.
5447
Calculate the highest common factor of 545104 and 1888082.
2198
What is the highest common factor of 7003701 and 6458?
3229
Calculate the greatest common factor of 712890 and 2898.
18
What is the highest common factor of 79605290 and 5262?
1754
What is the highest common factor of 655799 and 1541?
23
Calculate the highest common factor of 17888 and 196781416.
4472
Calculate the highest common divisor of 403 and 2072148.
13
What is the highest common factor of 292703254 and 61?
61
Calculate the highest common factor of 1596 and 20104413.
399
What is the highest common divisor of 5158369949 and 1291?
1291
Calculate the greatest common divisor of 4953167 and 2945.
19
Calculate the highest common divisor of 103772739 and 21.
21
Calculate the greatest common factor of 3970 and 19969894.
794
Calculate the greatest common divisor of 256701576 and 31.
31
What is the highest common divisor of 51 and 69302235?
3
What is the greatest common divisor of 1786 and 139878?
38
Calculate the highest common factor of 12222 and 18066.
6
Calculate the greatest common factor of 19731566 and 11226.
3742
Calculate the greatest common factor of 5352789 and 8229.
39
Calculate the greatest common divisor of 236184452 and 84.
28
What is the highest common divisor of 243 and 202822?
1
Calculate the highest common divisor of 305520 and 136128.
48
What is the greatest common factor of 5090192 and 464?
16
Calculate the highest common divisor of 56546750 and 5850.
650
Calculate the highest common factor of 95534870 and 92690.
7130
What is the highest common divisor of 483 and 7917524853?
483
Calculate the greatest common divisor of 1164 and 170448594.
582
What is the greatest common factor of 1801 and 3751483?
1801
What is the greatest common factor of 86 and 30065858?
86
What is the greatest common divisor of 6588 and 56430?
54
Calculate the highest common factor of 352 and 640420.
44
Calculate the greatest common divisor of 17244 and 16.
4
What is the highest common factor of 18648 and 9973572?
3108
Calculate the greatest common divisor of 7725 and 10075975.
2575
Calculate the highest common factor of 3176142 and 48.
6
What is the highest common divisor of 4895 and 3805505?
55
Calculate the highest common factor of 42 and 3031084.
14
What is the highest common divisor of 214047125 and 5300?
1325
Calculate the greatest common factor of 279 and 54007983.
279
What is the highest common factor of 43506927 and 2601?
2601
Calculate the highest common factor of 82187554 and 35258.
578
What is the greatest common factor of 391770213 and 303?
303
What is the highest common divisor of 278500 and 1132?
4
Calculate the highest common divisor of 663 and 92552811.
663
What is the greatest common factor of 988057 and 4403?
119
Calculate the highest common divisor of 163899880 and 435.
145
What is the greatest common factor of 15107936 and 96?
32
Calculate the greatest common factor of 101022 and 18178.
298
Calculate the greatest common factor of 4040 and 1028760.
40
What is the highest common divisor of 106407 and 3233223?
189
What is the greatest common factor of 549 and 353373?
183
Calculate the highest common divisor of 31816 and 178104.
328
What is the highest common factor of 1631 and 63793303?
1631
Calculate the greatest common factor of 2068 and 1597436.
188
Calculate the highest common factor of 3252 and 98652.
12
Calculate the greatest common factor of 1728 and 330105024.
1728
What is the highest common divisor of 1656620 and 6020?
140
Calculate the highest common divisor of 137425 and 18125.
25
What is the greatest common divisor of 341284 and 60261598?
4162
What is the greatest common factor of 18509 and 2453223?
223
What is the greatest common factor of 1728500 and 68500?
500
Calculate the greatest common divisor of 16600 and 22010936.
664
What is the greatest common factor of 38194 and 431626?
338
What is the greatest common divisor of 4464 and 34943696?
496
Calculate the greatest common divisor of 51306 and 84660.
102
Calculate the greatest common factor of 1933281 and 375578.
1351
What is the greatest common factor of 178 and 366347318?
178
What is the highest common divisor of 103041193 and 20044?
5011
What is the highest common divisor of 13557663 and 5751?
639
Calculate the highest common divisor of 251696 and 176.
16
What is the highest common divisor of 828066 and 214194?
174
Calculate the greatest common factor of 286286 and 23387.
91
Calculate the highest common factor of 1059 and 230320851.
1059
What is the highest common divisor of 2197242 and 162?
18
Calculate the greatest common divisor of 5952 and 277016.
248
What is the highest common factor of 11461659 and 8349?
759
What is the highest common factor of 875 and 1925750?
125
Calculate the greatest common divisor of 3251148 and 11184.
12
Calculate the highest common divisor of 44 and 3323405580.
44
Calculate the highest common factor of 65 and 11467729.
13
What is the greatest common divisor of 1034975 and 375?
25
What is the greatest common factor of 413725 and 25259?
871
Calculate the highest common divisor of 37411 and 82487317.
1969
Calculate the greatest common divisor of 48064351 and 3.
1
Calculate the highest common factor of 9555364 and 1253.
7
What is the highest common factor of 141966 and 118206?
594
Calculate the greatest common divisor of 897 and 28297659.
897
Calculate the highest common divisor of 352563 and 92951529.
11373
What is the highest common factor of 3816 and 6932824?
424
Calculate the highest common divisor of 25017468 and 195924.
6756
Calculate the greatest common divisor of 13165752 and 79350.
3174
What is the highest common divisor of 65925034 and 1302?
434
What is the greatest common divisor of 12 and 34851084?
12
What is the highest common factor of 7445791 and 55959?
811
What is the highest common divisor of 275892422 and 68?
34
Calculate the greatest common divisor of 1164199468 and 4.
4
What is the greatest common factor of 196112 and 983856?
1648
What is the highest common factor of 480 and 18081120?
480
What is the highest common divisor of 998705080 and 8065?
8065
What is the greatest common divisor of 119619927 and 333?
333
Calculate the highest common factor of 2080120 and 350.
70
What is the greatest common factor of 1177 and 63401566?
107
What is the highest common factor of 207231228 and 1332?
1332
Calculate the highest common factor of 24 and 167886708.
12
What is the greatest common factor of 459680 and 5296520?
680
What is the greatest common diviso